ose w - 4*o = -w + 254, 516 = 4*w - 4*o. What is the hundreds digit of w?
1
What is the units digit of 4 + 2439 + 1/1?
4
Suppose 12099 + 23955 = 18*b. What is the hundreds digit of b?
0
Suppose u - 248 = -z + 354, -611 = -u + 2*z. What is the units digit of u?
5
Let d be (-2)/((-3)/(-30)*5). What is the units digit of ((-10)/(-6))/(d/(-96))?
0
Let q(w) = w**3 - 24*w**2 + 35*w - 76. What is the tens digit of q(23)?
0
Let q(j) = -j**3 - 2*j**2 + 3*j + 4. Let d be q(-3). Suppose -154 = -h - 2*p, -4*p + 831 = d*h + 227. What is the units digit of h?
8
Let b(v) = -22*v - 42. Let r = 85 - 89. What is the units digit of b(r)?
6
Let q = 20 - 18. Suppose -3*p + 18 = -0*p + 3*g, -3*p + g + q = 0. Suppose o - 5*f - 25 = 0, 35 = 3*o - 3*f - p*f. What is the units digit of o?
5
Let g = -14 - 95. Let h = -166 + -9. Let x = g - h. What is the units digit of x?
6
Suppose 6804 = -9*v + 12*v. What is the hundreds digit of v?
2
Suppose -j + 0*j + 39 = 0. Let x be 13/j - 17/(-3). Suppose -3*q + x = -3*d, -3*d - 2*q + 6*q - 10 = 0. What is the units digit of d?
2
Let d = -21 - -23. Let k(p) = 33*p**2 + p + 3. Let i be k(d). Let x = i - 94. What is the tens digit of x?
4
Let y be ((-3)/2)/(-1 - (-5)/20). Suppose -355 = -3*d - y*k, 5*k = -0*d - 3*d + 370. What is the tens digit of d?
1
Suppose 4*a - 5*l - 9002 = 0, -3*a = -5*l + 1529 - 8278. What is the units digit of a?
3
Let z(y) = y**3 - 18*y**2 + 16*y + 12. Let k be z(17). What is the hundreds digit of 1048/10 - 1/k?
1
What is the tens digit of (-2105)/(-45) - 4/(-18)?
4
Let x(s) = s**3 + 8*s**2 - 6*s + 8. Let r be x(-9). Let o = r + 53. What is the units digit of o?
4
Let a(x) = -16*x - 18. Let m be a(-6). Let r(u) = 39*u**3 - u**2 - 2*u - 1. Let l be r(-1). Let y = m + l. What is the units digit of y?
9
Suppose -3*w - r + 2342 = 0, -5*w - 5*r = -10*w + 3890. What is the units digit of w?
0
Let r(x) = 15*x**2 - 30*x + 46. What is the tens digit of r(7)?
7
Let w be 4*1*(6 + -3). Suppose -k + 8*f - 4*f + 20 = 0, w = 5*k + 2*f. Suppose 3 + 105 = k*j. What is the units digit of j?
7
Suppose -6 = -3*k + 3. Suppose 5*g = -n - 2, 0*n - k*n + 8 = g. What is the tens digit of (4 - (g + 2)) + 45?
4
Let j be 64 - -12 - (0 + 1). Let x = j + 3. Let r = x + -47. What is the units digit of r?
1
Let b be (2/3)/(2/18). Let l be 9/b*192/9. What is the tens digit of (l + -8)*(-2)/(-3)?
1
Suppose 66 = -25*v + 27*v. Suppose -2*t + 37 + v = 0. What is the units digit of t?
5
What is the hundreds digit of (-1694)/(-3) + 340/255?
5
Let w = 1616 - 922. What is the hundreds digit of w?
6
Suppose -3*y - 3*j + 7878 = 0, 0 = 493*y - 495*y - 5*j + 5255. What is the tens digit of y?
2
What is the tens digit of 4/(-6) - 19/((-456)/1168)?
4
Let g = -4 - 1. Let r = 7 + g. Suppose r*t - 35 - 21 = 0. What is the units digit of t?
8
Suppose -o = -6*o - 5*u - 465, -3*o - u - 271 = 0. Let y = -25 - o. What is the units digit of y?
4
Let q(u) be the second derivative of u**3/6 - 2*u**2 + 4*u. Let v be q(10). Suppose -19 = -y - v. What is the units digit of y?
3
Let x = 739 - 524. What is the hundreds digit of x?
2
Suppose 12*a - 11*a = 165. Let r = a - 73. What is the units digit of r?
2
Let r(s) = -40*s + 28. Let h be r(-8). Let t = -200 + h. What is the units digit of t?
8
Suppose -4*b + 71 = -13. Let l = -37 - -46. Let t = b - l. What is the units digit of t?
2
Let i(m) be the first derivative of m**4/12 + 7*m**3/6 + 9*m**2/2 - 11*m + 2. Let j(h) be the first derivative of i(h). What is the tens digit of j(-10)?
3
Let b = -3 + 74. Suppose -y + b = 5*s - 5*y, 4*s - 55 = 5*y. What is the units digit of s?
5
Suppose -6*b = -0 - 12, 5*j = -2*b + 4539. What is the units digit of j?
7
Let r(t) = 90*t**2 - 15*t + 19. What is the hundreds digit of r(5)?
1
What is the units digit of (-575)/(-65) + -9 - (-212)/26?
8
Suppose h + 33 = -3*f + 7*f, 0 = -f + 5*h + 13. Let p(q) = q**2 - 5*q - 12. What is the tens digit of p(f)?
1
Suppose 2*q + 5170 = -8*q. Let a = -324 - q. What is the units digit of a?
3
Let i = -3 - -7. Suppose o - 3*o + 26 = 0. Let j = o - i. What is the units digit of j?
9
Let x = 512 - -378. What is the tens digit of (3/2)/(4465/x - 5)?
8
Let r = 2 + 28. Let a be (-4)/r*3*-95. Suppose -4*k - 128 = -5*t, 0*t + 2*t - a = -5*k. What is the units digit of t?
4
What is the thousands digit of -40*-53*9/18?
1
Let v(h) = 3*h**2 + 5*h + 1. Let g be v(-2). Suppose -52 = -k + g*n, 144 = -3*k + 7*k + 4*n. Suppose 9*i = 4*i + k. What is the units digit of i?
8
Suppose 4*u = -3*k + 4434, -27*k + 28*k + 2212 = 2*u. What is the tens digit of u?
0
Suppose -3*g + 14 = -7. Suppose -36 = g*x - 9*x. What is the tens digit of x?
1
Let g be (-18)/8 + 2/8. What is the tens digit of 224/80*(-25)/g?
3
Let j(i) be the third derivative of i**4/12 + 5*i**3/6 + 2*i**2. Let d be j(-9). Let h(u) = u**2 + 12*u + 17. What is the tens digit of h(d)?
3
Suppose p - 2 - 18 = 0. Suppose 3*z - p + 2 = 5*a, -z = -5*a - 16. Let j(m) = 50*m - 1. What is the tens digit of j(z)?
4
Let s be -3 - (14*-1)/(-1). Let n(x) = x**3 + 17*x**2 - 3*x + 17. What is the tens digit of n(s)?
6
Suppose -t = -5*c + 450, 3*c - t = -3*t + 270. Suppose 6*w - 4*w - c = 0. What is the tens digit of w?
4
Let y(x) = -87*x - 9. Let v be y(-7). What is the units digit of (-6)/9 + v/9?
6
Let v be (14/(-8))/((-4)/144). Suppose a + v - 104 = 0. What is the tens digit of a?
4
Suppose 5*q + 5*o = 4 - 44, 4*o = -5*q - 38. Let l be (q/8)/(10/(-40)). Let c = 4 - l. What is the units digit of c?
1
Suppose 4*h - 8*h = -56. Let b be 3518/h + 2/(-7). Suppose -4*f + 9 + b = 0. What is the units digit of f?
5
Let v = 2959 - 2124. What is the units digit of v?
5
Let n = -210 - -692. What is the units digit of n?
2
Suppose 37*g - 33*g = 1664. What is the tens digit of g?
1
Let f(x) = 5*x**3 - 2*x**2 + x. Let v be f(1). Suppose -v*i + 1053 = j, -j - 2*j - 1295 = -5*i. What is the units digit of i?
2
Let s be -8*3/(-18)*3. Let n(h) = -7 - s*h**3 + h**3 + 2*h**3 + 8 + 8*h**2 + 4*h. What is the units digit of n(8)?
3
Let j(h) = -3*h**2 + 12*h + 30. Let y be j(12). Let p = 575 + y. What is the units digit of p?
7
Let w be (-3 - -3) + (-424)/(-4). Let l = -57 + w. What is the units digit of l?
9
Let u(j) = j**2 + 1. Let p be u(0). Let h(w) = -w - 4*w + 4*w + 4*w + 1. What is the units digit of h(p)?
4
Let b(s) = s**3 + 8*s**2 + 6*s - 5. Let u be b(-7). Suppose 2*h = 5*i - u*i + 114, -h + i + 55 = 0. What is the tens digit of h?
5
Suppose 3*j + 2 - 5 = 0. What is the tens digit of (0 - 4 - -145) + j?
4
Let z(h) = 18*h + 2. Let n(j) = -j - 1. Let a(q) = -5*n(q) + z(q). Let k be a(3). Suppose 4*p - k - 16 = 0. What is the tens digit of p?
2
Let q be 260/22 + 16/88. Let c be (q/(-18))/((-2)/(-3)). What is the tens digit of (-2)/(-6)*(154 + c)?
5
Suppose 0 = -a + 5*a - 112. Suppose l + 3*l - a = 0. What is the units digit of l?
7
What is the hundreds digit of (33573/76)/(3/20)?
9
Let l = -6 + 8. Let y be (l - 8)/((-3)/2). Suppose z = y*c - 64, 0 = -2*z + 5 - 13. What is the tens digit of c?
1
Let j be 2/9 + 80/45. Suppose 26 = 3*l - j*s - 1, -49 = -5*l + 2*s. What is the tens digit of l?
1
What is the units digit of 4211/9 + (171/81 - 2)?
8
Suppose 2*x - 962 = -5*f + 3302, -2*x - 1700 = -2*f. Suppose h - 740 = -5*d, 5*d - 2*h - f + 97 = 0. What is the units digit of d?
9
Let j(v) = 6*v**2 - 18*v + 139. What is the units digit of j(12)?
7
Suppose -14 = 2*b - d - 4*d, -5*d = -20. What is the units digit of b/5 + ((-3619)/(-5))/7?
4
Suppose u - 2598 = -3*t - 2*u, 4*t - 5*u = 3446. What is the hundreds digit of t?
8
What is the hundreds digit of (0 + 1)/((-74)/(-276390))?
7
Suppose -10*w = -12*w - 4, 4476 = 2*z + 2*w. What is the tens digit of z?
4
Suppose 0 = -6*u + 4 + 26. Suppose u*p = 2*q + 11, q + 2*p = 4*q. What is the units digit of q?
2
What is the units digit of (-8 + 4)*(-17)/4 - 0?
7
Let a = -166 - -165. What is the tens digit of -3 - -6 - 534/(a + -2)?
8
Suppose -283 - 3307 = -5*h. What is the units digit of h?
8
What is the hundreds digit of 28406/42 + (8/(-6))/(-2)?
6
Let b(n) = n**3 + 7*n**2 + 7*n + 1. Let u be b(-6). Let s be 3/u - 372/(-20). Suppose 10 = -3*x + 4*j, 0 = -5*x + j - 3*j + s. What is the units digit of x?
2
Let k(h) = -h**2 + 5*h - 1. Let p be k(3). Suppose 3*u = -p*o + 45, 0 = -o - 4*o - 2*u + 40. Suppose